{"id":42,"date":"2022-09-21T20:44:25","date_gmt":"2022-09-21T20:44:25","guid":{"rendered":"https:\/\/meinweg-deinweg.ch\/?page_id=42"},"modified":"2024-05-02T20:13:21","modified_gmt":"2024-05-02T18:13:21","slug":"access-consciousness","status":"publish","type":"page","link":"https:\/\/meinweg-deinweg.ch\/index.php\/access-consciousness\/","title":{"rendered":"Access Consciousness\u00ae"},"content":{"rendered":"\n<p>Herzlich willkommen bei Mein Weg \u2013 Dein Weg! Ich hei\u00dfe Sie an einem Ort willkommen, an dem Sie lernen k\u00f6nnen, wie Sie Ihr Leben auf eine Weise gestalten k\u00f6nnen, die f\u00fcr Sie und Ihre Bed\u00fcrfnisse am besten geeignet ist. Ich biete Ihnen Zugang zu einer Vielzahl von Werkzeugen und Ressourcen, die Ihnen helfen, Ihre Energie und Bewusstheit zu erh\u00f6hen und Ihre Wahrnehmungen und Entscheidungen zu verbessern.<\/p>\n\n\n\n<p>Eine meiner Hauptmethoden ist Access Consciousness, ein Ansatz, der Ihnen dabei hilft, Ihre Gedanken, Gef\u00fchle und \u00dcberzeugungen zu erkunden und zu transformieren. Ich glaube, dass jeder Mensch das Potenzial hat, ein erf\u00fclltes und gl\u00fcckliches Leben zu f\u00fchren, und ich m\u00f6chte Ihnen dabei helfen, dieses Potenzial zu entfalten.<\/p>\n\n\n\n<p>Mein Angebot umfasst eine Vielzahl von Kursen, Workshops und pers\u00f6nlichen Sitzungen, die auf Ihre individuellen Bed\u00fcrfnisse zugeschnitten sind. Ich arbeite mit erfahrenen Trainern und Coaches zusammen, die Ihnen helfen, Ihre pers\u00f6nlichen Ziele zu erreichen und Ihre innere Kraft zu entfalten.<\/p>\n\n\n\n<p>Mir ist wichtig, dass Sie sich bei mir wohl und willkommen f\u00fchlen. Meine Kurse und Workshops finden in einer offenen und freundlichen Atmosph\u00e4re statt, in der Sie sich frei und ohne Urteile ausdr\u00fccken k\u00f6nnen. Ich bin stets bem\u00fcht, eine positive und unterst\u00fctzende Umgebung zu schaffen, in der Sie Ihr volles Potenzial entfalten k\u00f6nnen.<\/p>\n\n\n\n<p>Ich hoffe, dass Sie sich f\u00fcr eines meiner Angebote entscheiden und sich mir anschlie\u00dfen werden, um eine aufregende Reise der pers\u00f6nlichen Entwicklung und des Wachstums zu beginnen. Bei Mein Weg \u2013 Dein Weg bin ich hier, um Sie auf Ihrem Weg zu begleiten und zu unterst\u00fctzen.<\/p>\n\n\n\n<p>Folgende Themen k\u00f6nnen behandelt werden:<\/p>\n\n\n\n<ul class=\"wp-block-list\">\n<li>Stress<\/li>\n\n\n\n<li>\u00c4ngste<\/li>\n\n\n\n<li>M\u00fcdigkeit<\/li>\n\n\n\n<li>Unruhe<\/li>\n\n\n\n<li>Unkonzentriertheit<\/li>\n\n\n\n<li>Fokusverlust<\/li>\n\n\n\n<li>Migr\u00e4ne<\/li>\n\n\n\n<li>Unruhiger Schlaf<\/li>\n\n\n\n<li>Kinder &#8211; Mentalit\u00e4tsblockade l\u00f6sen ( sich selber wieder verstehen )<\/li>\n<\/ul>\n\n\n\n<p>Die positiven Nebeneffekte <\/p>\n\n\n\n<ul class=\"wp-block-list\">\n<li>mentale Ruhe<\/li>\n\n\n\n<li>besserer Schlaf<\/li>\n\n\n\n<li>mehr Energi<\/li>\n\n\n\n<li>mehr Lebensfreude<\/li>\n\n\n\n<li>gr\u00f6\u00dferer Fokus <\/li>\n\n\n\n<li>gr\u00f6\u00dferen Feld des Ansichtes<\/li>\n\n\n\n<li>bessere Lebensqualit\u00e4t <\/li>\n\n\n\n<li>mehr Kreativit\u00e4t <\/li>\n\n\n\n<li>bei Pubertierten Kinder, angenehmer durch die Phase zu kommen<\/li>\n\n\n\n<li>innere Ruhe zu gewinnen <\/li>\n<\/ul>\n\n\n\n<p>Access Consciousness ist eine ganzheitliche Methode, die nicht nur auf Access Bars-Behandlungen beschr\u00e4nkt ist. Es gibt \u00fcber 70 verschiedene K\u00f6rperprozesse, die im Rahmen einer Sitzung behandelt werden k\u00f6nnen. Diese Prozesse sind darauf ausgerichtet, blockierte Energie im K\u00f6rper freizusetzen und ihn in einen Zustand von Leichtigkeit und Wohlbefinden zu versetzen. Jeder Prozess hat seine eigenen spezifischen Wirkungen und kann auf bestimmte k\u00f6rperliche oder emotionale Beschwerden abzielen. Einige der Prozesse k\u00f6nnen auch bei der Verbesserung von Schlafst\u00f6rungen, Verdauungsproblemen oder anderen k\u00f6rperlichen Symptomen hilfreich sein. Eine Sitzung kann individuell auf die Bed\u00fcrfnisse und Ziele jeder Person abgestimmt werden und bietet somit eine ma\u00dfgeschneiderte Erfahrung.<\/p>\n\n\n\n<ul class=\"wp-block-list\">\n<li>BBM &#8211; Biomimetik und Biomimetrik Mimikry (K\u00f6rperprozess f\u00fcr alle Glaubens\u00e4tze aus dem K\u00f6rper aufzul\u00f6sen. \u00dcberall dort wo wir jemanden nachmachen, wo wir immer geh\u00f6rt haben &#8211; ,,du bist so dumm,,, ,,du bist wie deine Mutter, Vater,,, du bist nicht f\u00e4hig etwas fertig zu bringen,,&#8230; usw. <\/li>\n\n\n\n<li>Zellul\u00e4res Ged\u00e4chtnis &#8211; K\u00f6rperprozess auf Trauma oder Narben. Ob es ein Kratzen ist, oder etwa nach einer Operation ist. Dieser Prozess hilft dem K\u00f6rper, in seinen nat\u00fcrlichen Zustand zur\u00fcckzukehren<\/li>\n\n\n\n<li>Dreifache Sequenz Systeme &#8211; Prozess f\u00fcr die emotionale Traumata<\/li>\n\n\n\n<li>Lymphatische Diskordanz und Inkonsistenz der Knoten &#8211; Arbeit mit dem lymphatischen System<\/li>\n\n\n\n<li>Initialisierung, Aktivierung und Exponentialisierung von 90% der Gehirnkapazit\u00e4t und Funktion<\/li>\n\n\n\n<li><\/li>\n<\/ul>\n\n\n\n<p><strong>Access Facelift<\/strong> ist eine weitere Methode, die ich anbiete und die darauf abzielt, das \u00e4u\u00dfere Erscheinungsbild und das innere Wohlbefinden zu verbessern. Die Methode nutzt eine Kombination aus sanften Ber\u00fchrungen und energetischen Techniken, um die Haut zu straffen, zu revitalisieren und zu verj\u00fcngen. Durch die Aktivierung bestimmter Energiefelder und -bahnen im K\u00f6rper soll das Gesicht entspannter und j\u00fcnger aussehen und gleichzeitig ein Gef\u00fchl von innerem Wohlbefinden gef\u00f6rdert werden. Der Access Facelift ist eine nat\u00fcrliche, nicht-invasive Methode, die keine Operation oder Injektionen erfordert und daher ohne Risiken oder Nebenwirkungen ist. Viele Menschen berichten von einer deutlichen Verbesserung ihres Hautbilds und ihrer allgemeinen Stimmung nach einer Access Facelift-Sitzung. Ich biete individuelle Sitzungen und Workshops an, die auf die Bed\u00fcrfnisse und Ziele jedes Einzelnen abgestimmt sind.<\/p>\n\n\n\n<ul class=\"wp-block-list\">\n<li><\/li>\n<\/ul>\n\n\n\n<p><\/p>\n\n\n\n<p class=\"has-medium-font-size\"><strong>Kosten:<\/strong><\/p>\n\n\n\n<p><strong>Erwachsene<\/strong><\/p>\n\n\n\n<p>Access Bars Behandlung pro Stunde: Fr. 120.- <\/p>\n\n\n\n<p>K\u00f6rperprozess Behandlung 40 &#8211; 60 Minuten: Fr. 120.-<\/p>\n\n\n\n<p>Access Facelift Behandlung 90 Minuten: Fr. 150.-<\/p>\n\n\n\n<p>Jede weitere Viertelstunde: Fr. 25.-<\/p>\n\n\n\n<p><strong>Kinder<\/strong><\/p>\n\n\n\n<p>Behandlung pro halbe Stunde: Fr. 55.-<\/p>\n\n\n\n<p>Anmeldungen unter: info@meinweg-deinweg.ch oder telefonisch 079 660 08 60<\/p>\n","protected":false},"excerpt":{"rendered":"<p>Herzlich willkommen bei Mein Weg \u2013 Dein Weg! Ich hei\u00dfe Sie an einem Ort willkommen, an dem Sie lernen k\u00f6nnen, wie Sie Ihr Leben auf eine Weise gestalten k\u00f6nnen, die f\u00fcr Sie und Ihre Bed\u00fcrfnisse am besten geeignet ist. Ich biete Ihnen Zugang zu einer Vielzahl von Werkzeugen und Ressourcen, die Ihnen helfen, Ihre Energie <a class=\"read-more\" href=\"https:\/\/meinweg-deinweg.ch\/index.php\/access-consciousness\/\">READ MORE<\/a><\/p>\n","protected":false},"author":1,"featured_media":0,"parent":0,"menu_order":0,"comment_status":"closed","ping_status":"closed","template":"","meta":{"footnotes":""},"class_list":["post-42","page","type-page","status-publish","hentry"],"yoast_head":"<!-- This site is optimized with the Yoast SEO plugin v27.5 - https:\/\/yoast.com\/product\/yoast-seo-wordpress\/ -->\n<title>Access Consciousness\u00ae - meinweg-deinweg<\/title>\n<meta name=\"description\" content=\"%\" \/>\n<meta name=\"robots\" content=\"index, follow, max-snippet:-1, max-image-preview:large, max-video-preview:-1\" \/>\n<link rel=\"canonical\" href=\"https:\/\/meinweg-deinweg.ch\/index.php\/access-consciousness\/\" \/>\n<meta property=\"og:locale\" content=\"de_DE\" \/>\n<meta property=\"og:type\" content=\"article\" \/>\n<meta property=\"og:title\" content=\"Access Consciousness\u00ae - meinweg-deinweg\" \/>\n<meta property=\"og:description\" content=\"%\" \/>\n<meta property=\"og:url\" content=\"https:\/\/meinweg-deinweg.ch\/index.php\/access-consciousness\/\" \/>\n<meta property=\"og:site_name\" content=\"meinweg-deinweg\" \/>\n<meta property=\"article:modified_time\" content=\"2024-05-02T18:13:21+00:00\" \/>\n<meta name=\"twitter:card\" content=\"summary_large_image\" \/>\n<meta name=\"twitter:label1\" content=\"Gesch\u00e4tzte Lesezeit\" \/>\n\t<meta name=\"twitter:data1\" content=\"4\u00a0Minuten\" \/>\n<script type=\"application\/ld+json\" class=\"yoast-schema-graph\">{\"@context\":\"https:\\\/\\\/schema.org\",\"@graph\":[{\"@type\":\"WebPage\",\"@id\":\"https:\\\/\\\/meinweg-deinweg.ch\\\/index.php\\\/access-consciousness\\\/\",\"url\":\"https:\\\/\\\/meinweg-deinweg.ch\\\/index.php\\\/access-consciousness\\\/\",\"name\":\"Access Consciousness\u00ae - meinweg-deinweg\",\"isPartOf\":{\"@id\":\"https:\\\/\\\/meinweg-deinweg.ch\\\/#website\"},\"datePublished\":\"2022-09-21T20:44:25+00:00\",\"dateModified\":\"2024-05-02T18:13:21+00:00\",\"description\":\"%\",\"breadcrumb\":{\"@id\":\"https:\\\/\\\/meinweg-deinweg.ch\\\/index.php\\\/access-consciousness\\\/#breadcrumb\"},\"inLanguage\":\"de-CH\",\"potentialAction\":[{\"@type\":\"ReadAction\",\"target\":[\"https:\\\/\\\/meinweg-deinweg.ch\\\/index.php\\\/access-consciousness\\\/\"]}]},{\"@type\":\"BreadcrumbList\",\"@id\":\"https:\\\/\\\/meinweg-deinweg.ch\\\/index.php\\\/access-consciousness\\\/#breadcrumb\",\"itemListElement\":[{\"@type\":\"ListItem\",\"position\":1,\"name\":\"Startseite\",\"item\":\"https:\\\/\\\/meinweg-deinweg.ch\\\/\"},{\"@type\":\"ListItem\",\"position\":2,\"name\":\"Access Consciousness\u00ae\"}]},{\"@type\":\"WebSite\",\"@id\":\"https:\\\/\\\/meinweg-deinweg.ch\\\/#website\",\"url\":\"https:\\\/\\\/meinweg-deinweg.ch\\\/\",\"name\":\"meinweg-deinweg\",\"description\":\"Lebensberatung mit Hilfsmittel\",\"potentialAction\":[{\"@type\":\"SearchAction\",\"target\":{\"@type\":\"EntryPoint\",\"urlTemplate\":\"https:\\\/\\\/meinweg-deinweg.ch\\\/?s={search_term_string}\"},\"query-input\":{\"@type\":\"PropertyValueSpecification\",\"valueRequired\":true,\"valueName\":\"search_term_string\"}}],\"inLanguage\":\"de-CH\"}]}<\/script>\n<!-- \/ Yoast SEO plugin. -->","yoast_head_json":{"title":"Access Consciousness\u00ae - meinweg-deinweg","description":"%","robots":{"index":"index","follow":"follow","max-snippet":"max-snippet:-1","max-image-preview":"max-image-preview:large","max-video-preview":"max-video-preview:-1"},"canonical":"https:\/\/meinweg-deinweg.ch\/index.php\/access-consciousness\/","og_locale":"de_DE","og_type":"article","og_title":"Access Consciousness\u00ae - meinweg-deinweg","og_description":"%","og_url":"https:\/\/meinweg-deinweg.ch\/index.php\/access-consciousness\/","og_site_name":"meinweg-deinweg","article_modified_time":"2024-05-02T18:13:21+00:00","twitter_card":"summary_large_image","twitter_misc":{"Gesch\u00e4tzte Lesezeit":"4\u00a0Minuten"},"schema":{"@context":"https:\/\/schema.org","@graph":[{"@type":"WebPage","@id":"https:\/\/meinweg-deinweg.ch\/index.php\/access-consciousness\/","url":"https:\/\/meinweg-deinweg.ch\/index.php\/access-consciousness\/","name":"Access Consciousness\u00ae - meinweg-deinweg","isPartOf":{"@id":"https:\/\/meinweg-deinweg.ch\/#website"},"datePublished":"2022-09-21T20:44:25+00:00","dateModified":"2024-05-02T18:13:21+00:00","description":"%","breadcrumb":{"@id":"https:\/\/meinweg-deinweg.ch\/index.php\/access-consciousness\/#breadcrumb"},"inLanguage":"de-CH","potentialAction":[{"@type":"ReadAction","target":["https:\/\/meinweg-deinweg.ch\/index.php\/access-consciousness\/"]}]},{"@type":"BreadcrumbList","@id":"https:\/\/meinweg-deinweg.ch\/index.php\/access-consciousness\/#breadcrumb","itemListElement":[{"@type":"ListItem","position":1,"name":"Startseite","item":"https:\/\/meinweg-deinweg.ch\/"},{"@type":"ListItem","position":2,"name":"Access Consciousness\u00ae"}]},{"@type":"WebSite","@id":"https:\/\/meinweg-deinweg.ch\/#website","url":"https:\/\/meinweg-deinweg.ch\/","name":"meinweg-deinweg","description":"Lebensberatung mit Hilfsmittel","potentialAction":[{"@type":"SearchAction","target":{"@type":"EntryPoint","urlTemplate":"https:\/\/meinweg-deinweg.ch\/?s={search_term_string}"},"query-input":{"@type":"PropertyValueSpecification","valueRequired":true,"valueName":"search_term_string"}}],"inLanguage":"de-CH"}]}},"_links":{"self":[{"href":"https:\/\/meinweg-deinweg.ch\/index.php\/wp-json\/wp\/v2\/pages\/42","targetHints":{"allow":["GET"]}}],"collection":[{"href":"https:\/\/meinweg-deinweg.ch\/index.php\/wp-json\/wp\/v2\/pages"}],"about":[{"href":"https:\/\/meinweg-deinweg.ch\/index.php\/wp-json\/wp\/v2\/types\/page"}],"author":[{"embeddable":true,"href":"https:\/\/meinweg-deinweg.ch\/index.php\/wp-json\/wp\/v2\/users\/1"}],"replies":[{"embeddable":true,"href":"https:\/\/meinweg-deinweg.ch\/index.php\/wp-json\/wp\/v2\/comments?post=42"}],"version-history":[{"count":8,"href":"https:\/\/meinweg-deinweg.ch\/index.php\/wp-json\/wp\/v2\/pages\/42\/revisions"}],"predecessor-version":[{"id":295,"href":"https:\/\/meinweg-deinweg.ch\/index.php\/wp-json\/wp\/v2\/pages\/42\/revisions\/295"}],"wp:attachment":[{"href":"https:\/\/meinweg-deinweg.ch\/index.php\/wp-json\/wp\/v2\/media?parent=42"}],"curies":[{"name":"wp","href":"https:\/\/api.w.org\/{rel}","templated":true}]}}